0010000 (base 2) to base 3.
-102021000
118 (base 12) to base 2
10100100
3221 (base 6) to base 2
1011011101
What is -953b (base 13) in base 2?
-101000010111100
What is -5412 (base 6) in base 15?
-572
709 (base 15) to base 9
2150
45551 (base 7) to base 5
332400
What is 1404 (base 11) in base 3?
2111101
Convert e1 (base 15) to base 5.
1321
Convert 26b2 (base 12) to base 11.
338a
Convert -1172 (base 10) to base 9.
-1542
-3461 (base 8) to base 15
-82b
What is -233033 (base 4) in base 13?
-14b7
What is -316a (base 13) in base 4?
-1223000
What is -260 (base 11) in base 3?
-102102
Convert -2266 (base 8) to base 15.
-556
What is -5a3 (base 12) in base 11?
-6a7
What is 1a3a (base 13) in base 12?
2340
Convert -20230 (base 5) to base 13.
-7a2
Convert 51248 (base 10) to base 8.
144060
Convert 111001 (base 2) to base 12.
49
41004 (base 5) to base 2
101001000101
What is -11141 (base 5) in base 4?
-30130
Convert -3221 (base 8) to base 5.
-23211
What is -200011 (base 4) in base 3?
-2211001
Convert 1030 (base 6) to base 7.
453
Convert 1b17 (base 14) to base 3.
20202021
36b8 (base 12) to base 2
1100000101100
17c (base 15) to base 11
291
Convert 2a511 (base 12) to base 10.
59485
Convert -27710 (base 10) to base 8.
-66076
What is -20033 (base 4) in base 3?
-201112
Convert 122012 (base 3) to base 6.
2052
545 (base 8) to base 12
259
What is -2044034 (base 5) in base 4?
-20113131
Convert -1eb (base 15) to base 6.
-2022
Convert -1693 (base 16) to base 14.
-216b
What is 21231 (base 5) in base 8?
2641
What is -120111 (base 3) in base 8?
-642
What is -6473 (base 9) in base 4?
-1022130
Convert -592 (base 12) to base 10.
-830
What is -10100011100110 (base 2) in base 5?
-313340
Convert 2364 (base 7) to base 13.
528
14150 (base 10) to base 13
6596
Convert -629 (base 10) to base 2.
-1001110101
What is 8043 (base 9) in base 10?
5871
9c06 (base 14) to base 10
27054
Convert -16478 (base 9) to base 3.
-120112122
What is 31114 (base 5) in base 11?
158a
Convert -4989 (base 16) to base 8.
-44611
What is -233 (base 12) in base 3?
-110010
-21223 (base 4) to base 15
-2b4
Convert -381 (base 14) to base 8.
-1275
Convert -1490 (base 11) to base 2.
-11101111010
-110100001001011 (base 2) to base 11
-19072
Convert -e0 (base 16) to base 9.
-268
-230 (base 5) to base 7
-122
What is -485 (base 9) in base 11?
-335
Convert 314466 (base 7) to base 15.
111e3
What is 11222200 (base 3) in base 13?
1869
Convert 432 (base 12) to base 2.
1001100110
What is 8397 (base 11) in base 15?
3462
Convert 13124 (base 6) to base 4.
133030
Convert -214262 (base 7) to base 4.
-21022121
-307 (base 12) to base 15
-1e4
5 (base 8) to base 16
5
What is 899 (base 15) in base 10?
1944
130307 (base 8) to base 9
68063
-222 (base 13) to base 6
-1410
8786 (base 9) to base 12
38b9
What is -24013 (base 10) in base 15?
-71ad
Convert -7b4 (base 12) to base 6.
-5144
205 (base 15) to base 13
290
4504 (base 6) to base 9
1384
What is -1a9 (base 13) in base 11?
-260
-fc (base 16) to base 7
-510
What is -778 (base 11) in base 8?
-1644
1001111000101111 (base 2) to base 12
1b527
Convert 18295 (base 10) to base 8.
43567
-1211110 (base 3) to base 6
-10103
What is 1018 (base 12) in base 7?
5045
Convert 16466 (base 7) to base 10.
4703
Convert 61c (base 13) to base 16.
40f
Convert -1145 (base 9) to base 3.
-1011112
What is -1002011220 (base 3) in base 8?
-51431
What is -31312203 (base 4) in base 3?
-2212211110
-1a48 (base 14) to base 6
-34024
What is -1ba (base 16) in base 13?
-280
10354 (base 7) to base 11
1a42
Convert 2401 (base 14) to base 8.
14201
Convert -be40 (base 16) to base 13.
-19226
Convert -12113 (base 5) to base 14.
-48c
-4310 (base 5) to base 6
-2404
What is 16120 (base 7) in base 10?
4522
141465 (base 7) to base 2
110100101110101
What is -789 (base 11) in base 8?
-1660
12322130 (base 4) to base 7
145361
112 (base 12) to base 13
c2
What is -13302013 (base 4) in base 6?
-403331
-330222 (base 4) to base 3
-12022210
Convert 156 (base 9) to base 8.
204
What is -10110010011111 (base 2) in base 16?
-2c9f
2bb (base 14) to base 2
1000101101
1307 (base 14) to base 16
d0b
-21311 (base 4) to base 9
-768
What is -120203 (base 4) in base 14?
-803
Convert -10101111111 (base 2) to base 3.
-1221010
161240 (base 7) to base 9
47412
What is -661 (base 12) in base 3?
-1021201
What is 217d (base 14) in base 3?
21221122
Convert 201322 (base 4) to base 15.
99a
33203 (base 4) to base 10
995
What is -11515 (base 8) in base 11?
-3792
Convert -4099 (base 14) to base 3.
-120020112
What is -318 (base 9) in base 7?
-521
Convert 111000202 (base 3) to base 7.
36455
Convert 11351 (base 7) to base 3.
11000102
-611 (base 9) to base 12
-354
5203 (base 8) to base 2
101010000011
10100011011101001 (base 2) to base 4
110123221
b8a (base 12) to base 11
12a7
925 (base 14) to base 16
705
What is -10132 (base 4) in base 9?
-347
What is 2130322 (base 4) in base 12?
598a
Convert 2201 (base 3) to base 10.
73
Convert 16224 (base 7) to base 14.
194b
Convert 102221 (base 3) to base 15.
167
Convert 21100 (base 5) to base 13.
839
What is -110000010111101 (base 2) in base 15?
-7510
4c2 (base 16) to base 15
563
What is -2675 (base 14) in base 5?
-204032
Convert -2181 (base 9) to base 2.
-11001001100
Convert 1012220 (base 3) to base 9.
1186
-29 (base 11) to base 7
-43
-2d51 (base 14) to base 5
-224412
-189a9 (base 11) to base 9
-40311
What is -100011111100001 (base 2) in base 6?
-221105
What is -1227 (base 8) in base 6?
-3023
32130 (base 4) to base 9
1236
What is 869 (base 14) in base 3?
2021112
What is -664 (base 8) in base 13?
-277
-19532 (base 12) to base 10
-37046
Convert c07 (base 13) to base 16.
7f3
What is -113101 (base 4) in base 12?
-a41
1778 (base 11) to base 7
6412
Convert 6715 (base 13) to base 10.
14383
Convert 3bf (base 16) to base 5.
12314
What is 1653 (base 7) in base 16?
2a3
What is -12133 (base 6) in base 13?
-a74
-78 (base 10) to base 2
-1001110
Convert -45d (base 15) to base 5.
-12423
Convert -15 (base 10) to base 9.
-16
Convert 111032 (base 5) to base 14.
15c0
Convert 2114 (base 5) to base 13.
18b
-222102 (base 3) to base 16
-2c9
Convert 13502 (base 8) to base 16.
1742
-1162 (base 16) to base 13
-2044
-251 (base 6) to base 10
-103
3435 (base 6) to base 13
4a9
What is -3332 (base 4) in base 2?
-11111110
What is -231123 (base 4) in base 2?
-101101011011
Convert -d01 (base 16) to base 3.
-11120022
Convert -4070 (base 16) to base 4.
-10001300
Convert -13333 (base 6) to base 11.
-1615
Convert 1303 (base 4) to base 16.
73
1260 (base 8) to base 6
3104
What is 3848 (base 10) in base 15?
1218
What is -9ca1 (base 15) in base 5?
-2030401
Convert -262 (base 14) to base 15.
-21d
What is 10010110001 (base 2) in base 7?
3334
-6a15 (base 11) to base 10
-9212
What is 3000332 (base 4) in base 6?
133102
5662 (base 7) to base 2
100000000101
Convert -3543 (base 6) to base 11.
-708
What is 6066 (base 7) in base 11?
1645
-16a5e (base 15) to base 8
-216776
What is 10101010011100 (base 2) in base 5?
322113
21304 (base 9) to base 12
81aa
389 (base 16) to base 9
1215
What is -45453 (base 7) in base 4?
-2310201
What is -22174 (base 8) in base 13?
-4336
Convert 11320233 (base 4) to base 9.
36060
Convert 12001 (base 10) to base 9.
17414
132 (base 8) to base 11
82
What is -2426 (base 9) in base 16?
-70e
-22011020 (base 3) to base 9
-8136
Convert -43b3 (base 15) to base 8.
-34007
Convert 8305 (base 11) to base 14.
402c
101001011111 (base 2) to base 12
1653
-262 (base 9) to base 15
-e8
Convert 7281 (base 16) to base 2.
111001010000001
-1112342 (base 5) to base 2
-100110100001010
What is -1475 (base 11) in base 16?
-769
What is -8d1 (base 15) in base 11?
-1555
113200 (base 8) to base 5
2213103
Convert -1552 (base 9) to base 2.
-10010011101
Convert 147 (base 13) to base 11.
198
-23112 (base 13) to base 7
-354201
12206 (base 7) to base 12
1a1b
What is 2662 (base 7) in base 5?
13044
Convert -143120 (base 6) to base 10.
-13656
What is -8aa0 (base 15) in base 11?
-200a8
Convert -3323 (base 5) to base 10.
-463
What is -c91 (base 13) in base 3?
-2221111
What is -4410 (base 7) in base 12?
-ab3
Convert 882 (base 11) to base 15.
4a8
Convert 125c (base 15) to base 8.
7510
Convert 800 (base 11) to base 2.
1111001000
1c92 (base 13) to base 7
15444
Convert 124004 (base 8) to base 6.
531044
-aa (base 12) t